(-5).
-2
Let u(y) = y**2 + 11*y - 6. Determine u(-9).
-24
Let g(x) = -2*x**3 - x - 2. Determine g(-2).
16
Let d(x) = 4*x + 1. Give d(2).
9
Let q(z) = -15*z - 470. Calculate q(-31).
-5
Let f(l) = 30*l + 1. What is f(-2)?
-59
Let t(p) = -p**2 - p - 2. Give t(3).
-14
Let x(l) = -47*l - 50. Calculate x(-1).
-3
Let t(s) = s**3 - 19*s**2 + 6*s + 11. Give t(19).
125
Let i(p) = 559*p - 1116. What is i(2)?
2
Let d(a) = 23*a**3 - a**2. Calculate d(-1).
-24
Let i(r) = -2*r + 47. Give i(22).
3
Let z(b) = -2*b + 12. Calculate z(-7).
26
Let q(u) = -u**2 - 13*u - 11. Give q(-8).
29
Let j(p) = -16*p + 256. Determine j(16).
0
Let m(i) = 7*i**3 + i. What is m(1)?
8
Let w(l) = -l**3 - 4*l**2 + 12*l - 3. What is w(-6)?
-3
Let x(m) = m**2 + 10*m + 3. Give x(0).
3
Let z(j) = 37*j + 48. Determine z(-1).
11
Let u(j) = j**3 - 2*j**2 + 2*j - 14. Give u(0).
-14
Let f(m) = m**3 + 2*m**2 - 9*m + 11. Determine f(5).
141
Let i(z) = -z**3 - 16*z**2 - 3. Calculate i(-16).
-3
Let t(d) = d**3 + 4*d**2 - 21*d + 15. Give t(-7).
15
Let s(r) = -r**2 - 2*r + 13. Calculate s(-6).
-11
Let q(a) = 22*a - 132. Give q(5).
-22
Let l(a) = -a**2 - 54*a - 623. Give l(-17).
6
Let s(a) = -a**2 + 21*a - 79. Calculate s(5).
1
Let k(x) = x**2 - 22*x - 31. Determine k(24).
17
Let w(f) = f**2 - 9*f + 16. Calculate w(12).
52
Let h(f) = 115*f - 1043. What is h(9)?
-8
Let m(x) = -x**2 + 21*x + 12. Give m(20).
32
Let d(l) = -l**3 - 38*l**2 - 2*l - 60. What is d(-38)?
16
Let m(y) = y + 2. Give m(-6).
-4
Let x(a) = a + 7. Determine x(5).
12
Let p(i) = -7*i + 104. What is p(16)?
-8
Let t(f) = f**3 - 2*f**2 - 3*f. What is t(-1)?
0
Let o(s) = -3*s**3 + 16*s**2 - s - 3. Give o(5).
17
Let r(a) = 3*a**2 + 6*a - 12. Calculate r(-5).
33
Let t(j) = j**3 + 5*j**2 - 8*j - 5. Give t(-5).
35
Let h(j) = -2*j**2 - 3*j + 32. Calculate h(4).
-12
Let y(t) = 19*t + 113. Calculate y(-12).
-115
Let a(c) = -11*c - 10. Calculate a(-7).
67
Let b(l) = 8*l**3 - 2*l**2 - 3*l - 1. Determine b(-1).
-8
Let r(m) = m**3 - 7*m**2 + 7*m + 3. What is r(2)?
-3
Let s(l) = -l**2. Determine s(-3).
-9
Let f(s) = 8*s**2 - 51*s + 10. Determine f(6).
-8
Let w(p) = p**2 - 19*p - 21. What is w(20)?
-1
Let i(c) = 48*c**3 - 2*c - 1. Give i(-1).
-47
Let m(v) = -v**3 + 10*v**2 - 19*v + 17. What is m(8)?
-7
Let x(r) = 16*r - 25. Give x(5).
55
Let b(n) = n + 8. Determine b(-8).
0
Let g(f) = -f**2 + 12*f - 15. What is g(10)?
5
Let w(n) = -n**3 + 8*n**2 - 2*n - 1. What is w(8)?
-17
Let h(q) = 3*q**3 + 2*q**2 - q - 2. Give h(2).
28
Let v(d) = d + 32. What is v(6)?
38
Let s(c) = -c**2 - 12*c - 13. Determine s(-11).
-2
Let i(f) = -f**3 + 12*f**2 + 2*f - 15. What is i(12)?
9
Let v(x) = -x + 2. Calculate v(-3).
5
Let g(z) = 4*z**2 - 4*z + 11. Give g(3).
35
Let b(y) = -5*y - 15. Calculate b(-4).
5
Let j(d) = -d**3 - 55*d**2 + 3*d + 165. Determine j(-55).
0
Let h(n) = n**2 + 7*n - 8. What is h(-10)?
22
Let m(l) = -3*l**2 + 12*l + 15. Calculate m(4).
15
Let l(g) = g - 5. Give l(16).
11
Let m(d) = -3*d - 14. Calculate m(-11).
19
Let t(z) = z**2 + 17*z + 34. Determine t(-15).
4
Let y(t) = t**3 + 10*t**2 - 13*t - 4. Give y(-11).
18
Let r(t) = -7*t - 16. Give r(-8).
40
Let n(s) = 2*s - 24. Calculate n(-4).
-32
Let c(v) = -v**2 - 11*v - 15. What is c(-9)?
3
Let h(j) = 30*j - 180. Calculate h(6).
0
Let y(u) = -u**2 - 22*u - 32. Give y(-21).
-11
Let o(p) = -3*p**2 - 7*p - 7. Give o(-1).
-3
Let l(x) = -4*x - 1. What is l(5)?
-21
Let j(p) = 2*p**3 + 3*p**2 - 2. Calculate j(-2).
-6
Let n(u) = u**3 + 6*u**2 - 6*u + 11. What is n(-7)?
4
Let v(i) = -15*i - 1. What is v(-1)?
14
Let a(d) = -105*d**3 - d**2 - 2*d + 2. Give a(1).
-106
Let q(m) = -m**3 - m + 19. Determine q(0).
19
Let i(r) = -13*r - 15. Calculate i(-5).
50
Let h(c) = -c**2 + 23*c - 34. What is h(22)?
-12
Let f(j) = j**3 - 13*j**2 - 2*j + 6. Determine f(13).
-20
Let q(w) = w**3 - 16*w**2 - 21*w + 74. What is q(17)?
6
Let x(s) = -s**3 - 13*s**2 + 13*s + 14. Determine x(-14).
28
Let g(m) = m**3 - 7*m**2 - 9*m + 11. Determine g(8).
3
Let s(i) = -i**3 - 77*i + 5. Give s(0).
5
Let i(c) = -c**2 + 23*c + 154. Calculate i(29).
-20
Let y(c) = c**3 - 5*c**2 - 6*c - 8. What is y(6)?
-8
Let n(u) = -29*u + 204. What is n(6)?
30
Let c(a) = a**3 + 6*a**2 - 5*a - 1. What is c(-7)?
-15
Let a(b) = b**3 + 2*b**2 + 5*b + 4. Give a(-3).
-20
Let z(m) = -10*m**3 - 2*m**2 - m + 2. Calculate z(1).
-11
Let m(x) = x**2 - 22*x + 65. Determine m(19).
8
Let a(d) = -d**2 + 4*d + 2. Calculate a(3).
5
Let h(t) = -t**2 - 29*t - 133. Calculate h(-23).
5
Let j(k) = -k**3 + 26*k**2 - 88*k + 33. What is j(22)?
33
Let m(g) = g**3 - 9*g**2 + 2*g - 19. Give m(9).
-1
Let b(m) = 5*m + 11. Give b(-12).
-49
Let g(l) = -l**2 - 21*l - 15. Give g(-20).
5
Let m(q) = 14*q - 805. What is m(59)?
21
Let g(k) = -k + 14. Determine g(8).
6
Let h(b) = b + 9. Determine h(9).
18
Let b(c) = -c - 4. Calculate b(-3).
-1
Let q(u) = 2*u - 22. What is q(7)?
-8
Let r(y) = -8*y + 1. Determine r(-1).
9
Let k(g) = g**2 + 9*g - 37. What is k(-12)?
-1
Let x(f) = -4*f + 11. Give x(17).
-57
Let s(d) = -d**3 - 3*d**2 + 6*d + 4. Determine s(-5).
24
Let b(s) = s**3 + 52*s**2 - 286*s - 37. Determine b(-57).
20
Let b(s) = -s**2 - 9*s - 9. Give b(-5).
11
Let x(l) = -l**3 + 6*l**2 + 11*l + 8. Calculate x(8).
-32
Let z(x) = x**2 + 7*x + 2. What is z(-7)?
2
Let j(x) = x**3 + 4*x**2 - 3*x - 26. Determine j(-3).
-8
Let u(i) = 3*i**2 - 8*i + 3. Give u(-4).
83
Let n(v) = v**2 + 5*v + 5. Give n(-4).
1
Let s(i) = 6*i - 41. Calculate s(11).
25
Let i(r) = r**3 - 7*r**2 - 34*r + 15. What is i(10)?
-25
Let v(l) = l**3 - 5*l**2 + 5*l - 6. Calculate v(4).
-2
Let g(h) = h**2 - 8*h + 14. Determine g(6).
2
Let t(r) = r + 28. Calculate t(-10).
18
Let t(r) = 2*r**2 + 5*r + 3. Calculate t(-4).
15
Let h(j) = -2*j**2 + 4. Calculate h(-5).
-46
Let n(r) = -r**2 - 11*r - 41. What is n(-8)?
-17
Let m(s) = -s**3 + 14*s**2 - 21*s - 9. What is m(12)?
27
Let r(w) = w**2 + 4*w + 9. What is r(-5)?
14
Let p(u) = -2*u**2 + 37*u - 2. Determine p(16).
78
Let j(n) = 8*n - 16. Calculate j(1).
-8
Let g(r) = -r**2 + 6*r + 6. Give g(0).
6
Let o(v) = -3*v**3 + 38*v**2 + 13*v - 7. Determine o(13).
-7
Let z(c) = -9*c**3 - 2*c**2 + 2*c + 3. Calculate z(-1).
8
Let n(k) = -26*k**2 - 2*k - 1. Calculate n(-1).
-25
Let f(j) = -7*j - 71. What is f(-8)?
-15
Let q(m) = -m**3 + 13*m**2 - 14*m + 28. Give q(12).
4
Let b(x) = 5*x - 76. Give b(16).
4
Let u(i) = i**3 + 19*i**2 + 21*i + 15. Give u(-18).
-39
Let o(y) = y**2 + 8*y + 41. Calculate o(-11).
74
Let m(y) = 391*y + 1559. Determine m(-4).
-5
Let s(t) = 52*t**3 - t + 1. Give s(1).
52
Let n(y) = y**3 - 4*y**2 + y + 6. Determine n(2).
0
Let o(v) = -v**3 - 8*v**2 + 9*v + 2. Determine o(-9).
2
Let d(l) = l**3 + 13*l**2 - 14*l - 2. Give d(-14).
-2
Let g(a) = a**3 + 14*a**2 + 16*a + 38. Determine g(-13).
-1
Let z(c) = 35*c**2 - 4*c - 7. What is z(-2)?
141
Let w(n) = 9*n - 33. What is w(8)?
39
Let h(l) = -5*l**2 - 15*l - 8. What is h(-3)?
-8
Let s(m) = -4*m - 53. Determine s(-16).
11
Let l(f) = f**2 - 4*f + 12. Determine l(-4).
44
Let j(h) = 4*h - 8. Calculate j(6).
16
Let v(r) = -2*r**2 + 48*r - 221. Calculate v(6).
-5
Let c(n) = -n - 2. Determine c(-2).
0
Let h(l) = 4*l - 12. Determine h(16).
52
Let n(j) = -j**3 - j**2 + j + 3. Determine n(-3).
18
Let i(t) = -9*t**3. Determine i(-1).
9
Let s(y) = -10*y - 21. Calculate s(-4).
19
Let m(n) = n**2 + 14*n + 47. Determine m(-9).
2
Let h(u) = 2*u**3 + u**2 - 5*u - 4. Give h(-4).
-96
Let z(j) = 10*j - 107. What is z(12)?
13
Let a(g) = g**3 + 4*g**2 - g + 3. What is a(-4)?
7
Let n(u) = -u**3 - 29*u**2 + 5*u + 58. What is n(-29)?
-87
Let q(s) = s**3 + 9*s**2 + 16*s - 2. Calculate q(-7).
-16
Let s(h) = -h**2 - 5*h. Give s(-4).
4
Let o(h) = -2*h**2 - 16*h. Calculate o(-6).
24
Let b(c) = -c + 7. What is b(3)?
4
Let o(a) = -13*a + 19. What is o(0)?
19
Let i(b) = 3*b**3 + 2*b**2 - 5*b + 4. Calculate i(-3).
-44
Let c(u) = -u**3 + 3*u**2 + 3*u + 1. What is c(4)?
-3
Let s(r) = 3*r**2 + 5. What is s(4)?
53
Let b(z) = -4*z**2 - 24*z - 45. Determine b(-5).
-25
Let b(d) = -d**2 - 34*d - 31. Determine b(-33).
2
Let w(g) = 5*g + 14. Determine w(-5).
-11
Let t(l) = l**3 - 5*l**2 - 12*l - 4. Give t(7).
10
Let t(w) = -w**3 - 13*w**2 - w + 12. Determine t(-13).
25
Let v(g) = -g + 2. Calculate v(-9).
11
Let t(i) = -i**3 + 2*i**2 + 3*i - 2. Give t(-3).
34
Let s(t) = t**3 - 13*